+ 4*d**2 - 5*d + 4. Let o be a(-5). Suppose -5*c = -0*n - n + 26, -2*n + o*c = -28. What is the remainder when 52 is divided by n?
4
Let y = -55 - -84. Suppose y = -5*i + 144. What is the remainder when i is divided by 13?
10
Let r(a) = -a**2 - 22*a - 18. What is the remainder when 60 is divided by r(-20)?
16
Calculate the remainder when (0 + -9)*636/(-12) is divided by 60.
57
Let v(b) = 13*b + 6. Suppose 0 = 2*l + 2*o - 12, -o = l + 4*l - 38. Calculate the remainder when v(3) is divided by l.
5
Let b = -10 - -9. What is the remainder when 534/48 + b/8 is divided by 4/(-7) - (-106)/14?
4
Let x(l) = -4*l - 6. Let i(d) = d**3 - 5*d**2 - 6*d - 6. Let v be i(6). Calculate the remainder when x(v) is divided by (-5)/((-105)/(-6)) + 316/28.
7
Let f(v) = -18*v - 17. Let s be f(-5). Let c = s - 52. Calculate the remainder when 60 is divided by c.
18
Suppose 0 = -n + 7*n - 258. Suppose -3*x = -2*f + 1, 5*x + 0*f + 5*f - 40 = 0. Let i = 20 + x. Calculate the remainder when n is divided by i.
20
Let u = -1297 - -1403. Calculate the remainder when u is divided by 27.
25
Let k(y) = -3*y + 20. Let f be k(5). Suppose -4 = -4*b, 0*t - 143 = -f*t + 2*b. Calculate the remainder when t is divided by ((-8)/3)/((-1)/3).
5
Let h(k) = -k**2 - k + 6. Let z be h(-5). What is the remainder when 8 is divided by (12/z)/((-2)/7)?
2
Let m(f) = 4*f**3 - 7*f**2 - 4*f + 30. What is the remainder when m(6) is divided by 104?
98
Let q(m) = -2*m**3 - 9*m**2 - 3*m + 1. Let r(g) = 13*g**2 + 28*g - 7. What is the remainder when q(-6) is divided by r(-3)?
23
Calculate the remainder when 1742/18 - 14/(-63) is divided by 1 - (-25 - (1 - 2)).
22
Let s = 78 - 68. What is the remainder when 28 is divided by s?
8
Let a(o) = -6*o**3 + o**2 - 5*o - 5. Let j(w) = 3*w**3 + w**2 - 5*w + 5. What is the remainder when a(-2) is divided by j(2)?
11
Let n = 12 + -13. Calculate the remainder when 77 is divided by 36 + (-20)/(-4) + n.
37
Suppose 5*s - 27 = 53. Let q be ((-2)/4)/(2/s). What is the remainder when ((-8)/(-2))/(q/(-26)) is divided by 14?
12
Suppose -5*g + z = -0*z - 673, -4*z = 2*g - 256. Suppose 0 = 425*y - 439*y + 630. What is the remainder when g is divided by y?
44
Let f(i) = -i**2 - 40*i - 32. What is the remainder when f(-20) is divided by 31?
27
Let l be (-8)/(-4) + (1 + 1 - -1). Suppose 2*q = -2*q - 3*g + 42, 0 = l*q - 4*g - 37. What is the remainder when 42 is divided by q?
6
Let s = 1026 + -906. What is the remainder when s is divided by 105?
15
Let n(q) = -q - 29. Let l(f) = f + 29. Let i(v) = -3*l(v) - 4*n(v). What is the remainder when 111 is divided by i(9)?
35
Let s(x) = -x**3 + 4*x**2 - x - 2. Let g(h) = 40*h - 7. What is the remainder when g(1) is divided by s(2)?
1
Suppose t = 3*c - 4*t - 23, 3*c + 4*t - 68 = 0. Calculate the remainder when 16 is divided by c.
0
Let n = -898 + 1457. Calculate the remainder when n is divided by 40.
39
Suppose 4*j - 34 - 34 = 0. Suppose 0 = 2*z + z - 12. Suppose 83 = z*g - 45. What is the remainder when g is divided by j?
15
Let h(u) = -u**3 + 20*u**2 - 7*u + 167. What is the remainder when 186 is divided by h(20)?
24
Let c = 24 + -45. Let f = -17 - c. Suppose f*y - 22 = -v + 1, 2*y = 2*v + 24. Calculate the remainder when 26 is divided by y.
5
Let w(r) = -3*r + 2. Let q(b) = -2*b**2 - 26*b - 2. Let f = -47 + 35. What is the remainder when q(f) is divided by w(-2)?
6
Suppose -2*q + 0*q = 0. Suppose q = j + 4*j - 115. Calculate the remainder when j is divided by 4 + -1 - (-25)/5.
7
Let a be (-76)/6 - (-6)/9. What is the remainder when 8/a + (-210)/(-18) is divided by 3?
2
What is the remainder when -10 + 13 - (4 - 412) is divided by 86?
67
Suppose -5*q + q + 8 = 0. Let r be 52/12 - (-3)/(-9). Suppose r*h - 14 = q*h. What is the remainder when 26 is divided by h?
5
Let p(u) = 14*u**2 + 14*u + 5. Calculate the remainder when 348 is divided by p(-3).
81
Suppose -7*x = -5*x - 98. Let y = x + 32. What is the remainder when y is divided by 21?
18
Suppose 5*u - 92 = -18*x + 16*x, -x - 104 = -5*u. Calculate the remainder when u is divided by 8.
4
Suppose 19*w - 416 = 458. Calculate the remainder when w is divided by 22.
2
Suppose -u - 12 + 65 = 0. Let t(j) = 7*j - 29. Calculate the remainder when u is divided by t(8).
26
Let i be (8/(-4) - 1) + 8. Suppose 4*g + 5*b = i + 18, 0 = -5*g - 3*b + 19. Suppose d - 129 = -g*d. What is the remainder when d is divided by 12?
7
Suppose 575 + 10 = 13*a. Calculate the remainder when 88 is divided by a.
43
Suppose -o - 1 = -5*y - 0, 5*o - 16 = 4*y. Suppose 177 = o*p - p. What is the remainder when p is divided by 21?
17
Calculate the remainder when 167 is divided by (-1 + 15)*(3 + 0/4).
41
Suppose -2 = -28*q + 26*q, 0 = 2*c + 4*q - 44. What is the remainder when 172 is divided by c?
12
Let a = 502 - 489. Calculate the remainder when 36 is divided by a.
10
Let n = -48 + 51. Let a = n - -26. Calculate the remainder when a is divided by 16.
13
Let j = 772 + -726. What is the remainder when 150 is divided by j?
12
Suppose 4*a + a - 20 = 0. Let x be 6 - 3/9*9. Suppose 20 = x*w + 2*w. What is the remainder when w is divided by a?
0
Suppose -556 = -51*l + 12704. Calculate the remainder when l is divided by 30.
20
Let n(g) = -4*g**3 + g**2. Let h be n(1). Let s = -140 + 156. What is the remainder when s is divided by 3*(1 + h + 5)?
7
Suppose -z + 10*q - 9*q = -659, 5*z - 4*q - 3294 = 0. What is the remainder when z is divided by 10?
8
Let g(j) = 55*j + 1. Let k be g(-1). Let u = 123 + k. What is the remainder when u is divided by -2 + 9/3 + 17?
15
Let b(c) = 5*c**3 + c**2 - c. Let y be b(1). Let k = 7 - y. Suppose 2*g = k*h + 3*h + 13, g = -4*h + 39. What is the remainder when g is divided by 5?
4
Let p = -100 + 165. Suppose 9 = -6*q + 9*q, -2*w - 2*q + 16 = 0. Let b = w - -12. What is the remainder when p is divided by b?
14
Let o = 573 + -521. Calculate the remainder when 465 is divided by o.
49
Suppose 17*t - 2000 = 7*t. What is the remainder when t is divided by 51?
47
Let k(z) = z**3 - 4*z**2 - 3*z - 22. What is the remainder when k(7) is divided by 27?
23
Let u = -14 + 18. What is the remainder when 23 - (-8)/(-20)*10 is divided by u?
3
Calculate the remainder when (-108)/(-21)*(-34 + 118) is divided by 14.
12
Calculate the remainder when 466 is divided by (-476)/(-4) + -23 + 22.
112
Let b(s) = s**3 - 7*s**2 + 7*s + 1. What is the remainder when 52*(169/260 + (-8)/20) is divided by b(6)?
6
Let a = 10 - 3. Let b(o) = -3*o + 26. Let i be b(7). What is the remainder when (-1 - 12 - i)/((-3)/2) is divided by a?
5
Let r be 62/(-15) - -4 - 112/60. What is the remainder when (-5 + 175/28)/(r/(-8)) is divided by 4?
1
Suppose 4*l - 8 = 5*b - 7, -2*l + 5 = -b. What is the remainder when 120 is divided by l?
0
Suppose -15 = -4*d - d. Suppose -4*p - r = 37 - 298, d*p - 183 = -5*r. Calculate the remainder when (p/(-15))/((-2)/5) is divided by 3.
2
Suppose 9*i - 19*i = -410. What is the remainder when 284 is divided by i?
38
Let v be (8/(-10))/(24/(-60)). Let n be v/9 - 318/(-27). Suppose 212 = 16*q - n*q. What is the remainder when q is divided by 14?
11
Let n(p) = 2*p - 3. Let h = 10 + -8. Suppose -z - h*z = -18. Calculate the remainder when n(7) is divided by z.
5
Let h = -33 + 46. Let b be (8/(-8))/((-2)/(-22)). Let a(k) = -3*k - 25. What is the remainder when h is divided by a(b)?
5
Let u(c) = 3*c**2 - 2*c - 6. Let j be u(4). Suppose z = -3 + j. Calculate the remainder when ((-36)/15)/(-2)*410/4 is divided by z.
30
Suppose -6 = -3*j + 6. Suppose g + 33 = 3*c - c, 5*g + 75 = j*c. Suppose -x + c = -0*x. Calculate the remainder when 72 is divided by x.
12
Suppose 635 = 5*x - 2*h - 3*h, x = 2*h + 131. What is the remainder when x is divided by 5?
3
Let c = 161 + -67. Suppose 9*p - 7*p = c. What is the remainder when p is divided by 7?
5
Suppose -2*y + 748 = -136. Suppose -y = -x - x. What is the remainder when x is divided by 28?
25
Suppose 5*h + 2*x - 61 = 0, 0 = -6*h - 3*x - 0*x + 75. What is the remainder when 67 is divided by h?
1
Suppose 0 = o + 3*g - 6 - 4, 5*o = -g + 22. Suppose -o*l = 3*b - 115, 0*b - 2*b + 142 = 5*l. Let m = 1109 - 1099. What is the remainder when l is divided by m?
8
Let n(b) = -b**3 - 2*b**2 + 2*b - 1. Let s be n(-3). Let a = 0 + s. Suppose 2*d + 20 = 4*z, -9 = -3*z + a*d + 5. What is the remai